Suppose 3*y - 3*w = 21, 4*w - 5 = -5*y + 3. Is y/(4/9) + -3 prime?
False
Suppose t - 5*g - 39 = 0, 0 = -3*t - 3*g + 7*g + 73. Let k = 50 - t. Is k composite?
False
Let b(q) = 140*q**2 - q + 1. Is b(-2) a prime number?
True
Let n = 761 - 408. Is n prime?
True
Let i = -288 - -499. Is i a composite number?
False
Let k = 230 - 141. Is k a prime number?
True
Let x be (-2)/(-3)*6/(-4). Let v(n) = -n + 1. Let q(d) = 35*d - 4. Let r(t) = x*q(t) + 3*v(t). Is r(-6) composite?
True
Let g(w) = w + 3. Let h be g(-7). Is h/(-2)*(-185)/(-10) composite?
False
Suppose -f + 2 = -0*f. Suppose 5*q + 310 = 5*m, -5*q = f*m - 78 - 81. Is m prime?
True
Is (-1760)/(-7) - 3/7 a prime number?
True
Let x(h) be the first derivative of -h**3/2 - h**2 - h + 1. Let s(w) be the first derivative of x(w). Is s(-4) a composite number?
True
Let y(g) = -32*g + 21. Is y(-16) a prime number?
False
Suppose 70*a + 2427 = 73*a. Is a composite?
False
Suppose -j + 4*z + 46 = 0, 2*z = -j - 2*j + 194. Is j prime?
False
Suppose 1685 = 6*r - 3433. Is r composite?
False
Suppose 9*j = 4*j + 575. Is j prime?
False
Let c = 7551 + -4409. Is c a composite number?
True
Suppose 5*z + 784 = -2*y + 5*y, 2*z + 1050 = 4*y. Is y composite?
False
Suppose -t + 3448 = 5*g, t - 2*t = 2. Let d = g - 149. Is d composite?
False
Suppose 5*g - 2*f - 10515 = 0, -5*f + 4980 + 3432 = 4*g. Is g composite?
True
Let m be (-4)/8 - 1227/(-6). Let l = m - 59. Is l prime?
False
Is -2 + 1 + 402 + 0 + -3 prime?
False
Let b(i) = 59*i**2 + i + 7. Is b(3) composite?
False
Suppose 1 = 2*u - w, w + w - 2 = 2*u. Is (-1098)/(-12) + (-1)/u a prime number?
False
Let c = 435 + -166. Suppose t - 261 = -5*l, 2*l + 3*l - t - c = 0. Is l a prime number?
True
Suppose 8*m - 2*q = 3*m + 397, 0 = -m - 4*q + 75. Is m composite?
False
Let r = -8 + 2. Let f be r/2 - (-4 + 1). Suppose -4*s + f*s = -268. Is s a composite number?
False
Let y(q) = -2*q**3 - 5*q**2 - 3*q + 4. Let w(j) = 2*j. Let a be w(2). Suppose 3*g + a = -5. Is y(g) prime?
False
Let s(m) = m**2 + m - 2. Let b be ((-3)/(-2))/(1/4). Let o(w) = -w**2 + 5*w + 3. Let y be o(b). Is s(y) composite?
True
Let l = -1 + 9. Let c(o) = -o**3 + 10*o**2 + 11*o + 5. Is c(l) a prime number?
False
Suppose 0 = -5*c + 3*z + 3511, 0*z + z = 2*c - 1404. Is c a prime number?
True
Let i be 22/4 + 3/6. Let p(y) = y - 4. Let z be p(i). Is (89/(-2))/((-1)/z) composite?
False
Suppose o = -0*o - 19. Let z be (o/(-7) - 3)*-7. Suppose 0*k + 98 = z*k. Is k a prime number?
False
Let v = 1 + 1. Let c be (v + 0)/(3/27). Suppose -c = 5*t - w - 187, -5*t - 3*w = -173. Is t composite?
True
Let i = 6 - 4. Let h be 2 - (i - 0)*-8. Let f = h - -13. Is f composite?
False
Is ((-2)/(-2))/((-4)/(-1004)) composite?
False
Let z(c) = 6*c - 2. Let y be z(5). Let o be y/(-4)*-1*1. Suppose 19 = 2*r - o. Is r composite?
False
Let y(g) = 211*g**2 + 15*g - 11. Let b(c) = -106*c**2 - 8*c + 6. Let h(a) = -11*b(a) - 6*y(a). Let q be h(2). Is 1/2 + q/(-8) a prime number?
False
Let a(w) = -5*w**2 - 2*w + 5. Let g be a(-5). Is -1*(g + (2 - 3)) a composite number?
True
Suppose x - 5*x = -16. Let b be (1*87)/(21/14). Suppose -f - 2*z - 4 + 17 = 0, x*z + b = 2*f. Is f composite?
True
Let q(i) = -i - 8. Let u be q(-6). Is 33/(-3)*(-3 - u) prime?
True
Let y = -7953 + 11252. Is y a composite number?
False
Let u(m) = -19*m - 6. Let v = -2 - 3. Is u(v) a composite number?
False
Suppose -2*i = c - 5*c - 82, 3*i - 93 = -4*c. Suppose -i = 3*g - 4*g. Is g composite?
True
Let y be 0 + 9*(-3 + 1). Let r = y + 55. Is r prime?
True
Suppose 0 = a + 2*a + 6. Let y = -4 - a. Is (-2 - 0) + 135 + y a composite number?
False
Suppose -3*b + 4*b = -3. Is 4/(-24)*b*406 a prime number?
False
Let g(c) = c + 293. Is g(0) prime?
True
Suppose -4*r + 12 = -8. Let n(l) = -8*l**3 + 4*l**2 - 3*l + 5. Let o(a) = 7*a**3 - 4*a**2 + 3*a - 5. Let y(t) = 6*n(t) + 7*o(t). Is y(r) a prime number?
False
Let c(j) = j**2 - 2*j - 5. Let x be c(4). Suppose 73 = -2*m + x*m + 2*t, t - 329 = -5*m. Let q = m + -46. Is q composite?
False
Let u(h) = -6*h**3 - 2*h**2 + 5*h - 3. Is u(-4) a composite number?
True
Let s = -16 + 27. Let r(a) = 7*a - 12. Is r(s) prime?
False
Let o = 143 - -708. Is o composite?
True
Let o(p) = -22*p - 1. Let u be ((-2)/(-4))/((-5)/40). Let a be o(u). Let c = 10 + a. Is c a composite number?
False
Let x be 2/(-3) - (-248)/12. Let k = 8 + x. Is 636/k - 4/(-14) composite?
False
Let h(g) = 20*g**3 - 2*g**2 + g + 4. Let f be h(2). Suppose 5 = -4*z - z. Is z*2*f/(-4) composite?
False
Let a = 6 - 2. Suppose -5*v + 1076 = -3*z, -a*z + 3*z = -3. Is v prime?
False
Suppose 3*m - 5*m = -1282. Is m composite?
False
Suppose -4*t + 0 = -12. Is 233 - (-4 - (1 - t)) composite?
True
Suppose -l + i = l - 10, -4*i - 7 = 3*l. Suppose -22 = -x + 3*a, 3*x - 7*x + l*a + 79 = 0. Is x composite?
False
Let v(x) = 47*x + 2. Let a be v(-8). Let f = 533 - a. Is f a prime number?
True
Let h(m) = -m**2 + 6*m + 3. Let i be h(6). Let x(q) = 6*q - 12. Let z be x(3). Is (512 - -2)*i/z a composite number?
False
Suppose 0*p + 226 = 4*p - 2*t, 2*p + t - 123 = 0. Is p a prime number?
True
Let z = -61 + 86. Is z composite?
True
Let j(n) be the third derivative of 47*n**5/30 - n**4/24 - n**3/6 - 5*n**2. Is j(-2) a prime number?
False
Let h = -15 + 15. Suppose -2*x + h*x = -310. Is x a prime number?
False
Suppose -55*q + 50*q + 6295 = 0. Is q a prime number?
True
Let o = -1 + 1. Suppose o*c = -c + 49. Is c a composite number?
True
Is 1/2*570/15 composite?
False
Let h be (2/3)/(6/27). Suppose 0 = -h*i + 6*i + 12. Let k(q) = -8*q + 3. Is k(i) composite?
True
Let k = -73 - -216. Is k a composite number?
True
Suppose 0 = -7*i + 9*i - 1166. Is i composite?
True
Let p be 3/12 + (-2)/8. Suppose h - 2*y - 181 = p, -5*h - 2*y + 970 = y. Is h composite?
False
Let b(x) = 9*x**2 - 8*x + 18. Let s(l) = 4*l**2 - 4*l + 9. Let r(u) = -3*b(u) + 7*s(u). Is r(6) a prime number?
False
Let m(d) = 22*d + 1. Suppose 3 - 1 = 2*b. Is m(b) prime?
True
Let x be 4/(-14) - 4016/56. Let s = x - -151. Is s a composite number?
False
Let q = 24 + -14. Suppose 0 = c + 3*c + 16. Let y = q + c. Is y a prime number?
False
Let i be 1/4 - 5073/4. Is (-5)/15 + i/(-6) a prime number?
True
Is (-5585*((-17)/(-5) + -3))/(-2) a composite number?
False
Let l = 701 + -448. Is l a composite number?
True
Suppose 5*d - 577 - 243 = -5*b, 4*b = d + 631. Is b a composite number?
True
Suppose 4*c = 151 + 301. Is c prime?
True
Let t = 4 - 8. Is (22/(-4))/(2/t) composite?
False
Let p be 5/2 - 2/4. Suppose 3*k = -p*k + 235. Is k a prime number?
True
Let u(y) = y**3 - 12*y**2 - 5*y + 14. Is u(13) prime?
False
Let z(o) = -o**3 - 2*o**2 - 7*o + 1. Let s be z(-5). Let f = -2 + 7. Suppose 5*l + 185 = f*h, 3*h + l - s = 6*l. Is h a prime number?
True
Suppose -2*n = -3*f - 12, n + 23 = 6*n - 4*f. Let t = -340 - -560. Suppose o = n*m - m + 53, -5*o = -m - t. Is o a composite number?
False
Let f = -374 + 777. Is f composite?
True
Suppose 0 = -5*h + 101 + 69. Is h a prime number?
False
Let b(s) = -311*s + 4. Let x be b(-6). Let m = x + -1313. Is m a prime number?
True
Let l = 954 + -473. Is l a prime number?
False
Suppose -d + 424 + 50 = 0. Suppose -3*j + 3*b + d = 0, 3*j + b - 514 = -4*b. Is j prime?
True
Let c(w) = w**2 + 5*w + 959. Is c(0) composite?
True
Let n(t) = -59*t**2 + 2*t - 3. Let z be n(2). Let j be (-6)/(6/(-2)) - z. Suppose -3*q + 2*a + j = 0, -2*q - a + 158 = -6*a. Is q a prime number?
True
Suppose 0 = 7*p - 2*p + 15. Let f(q) = 22*q - 1. Let j be f(p). Let l = -36 - j. Is l composite?
False
Let v = -7 + 119. Suppose -3*d + 5*m = v, 8*m - 4*m - 72 = 2*d. Let k = d + 129. Is k a composite number?
True
Let u be (9/(-6))/(1/2). Let r(o) = -o + 2. Let v be r(u). Let f = v + 14. Is f prime?
True
Let d(m) = 67*m + 4. Let f be d(4). Suppose -137 = 2*i + w, 4*i + 5*w + f = w. Let b = -46 - i. Is b prime?
True
Let x(r) = -22*r - 13. Is x(-12) prime?
True
Let x(s) = s**3 - s**2 - s + 1. Let g(f) = -4*f**3 + 18*f**2 + 3*f - 8. Let i(h) = g(h) + 3*x(h). Is i(14) composite?
False
Let m(g) = 7*g**2 - 11*g + 19. Is m(8) prime?
True
Suppose -d = 2*r - 89, -5*r - 289 = -3*d - 0*r. Suppose -20 = 2*x + v - d, -v - 1 = 0. Is x a prime number?
True
Let a be 142/14 - 3/21. Let z(c) = 6*c**2 - 10*c + 4*c**2 + 7 + c**2 - c**3. Is z(a) a composite number?
False
Let m = 96 + 49